the remainder when s is divided by 4?
3
Calculate the remainder when 96 is divided by 4 - (-3 - -4) - 324/(-6).
39
Suppose 5*z - 21 = -m - 7, 6 = m + z. Let l(w) = -6*w**3 + m*w + 4*w**3 + 3*w**3 + 2 - 11*w**2 + 17*w**2. What is the remainder when l(-5) is divided by 2?
1
Let n(f) = -4*f + 3. Suppose 35*w + 57 = 38*w. Let d = w + 18. Calculate the remainder when d is divided by n(-4).
18
Calculate the remainder when (-3)/((-12)/1048*2)*1 is divided by 39.
14
Let a(f) = f**3 - 45*f**2 + 46*f - 53. Calculate the remainder when 344 is divided by a(44).
29
Suppose j = 5 - 1. Suppose 5*k = 4*o + 2490, -3*o + 8*o = 0. What is the remainder when ((-32)/(-48))/(j/k) is divided by 21?
20
Let s(j) be the first derivative of -12 - 3*j + 11/2*j**2. What is the remainder when 23 is divided by s(1)?
7
Suppose -2*d + 109 = -3. Let s be ((-2)/(-3))/((-14)/(-105)). Suppose 5*m - 14 = -z + 10, s*z - 98 = -3*m. Calculate the remainder when d is divided by z.
18
Suppose 3*p + 35 = 2*z, -5*p + 11 = 3*z - z. Suppose 10*o - 82 + 32 = 0. Suppose -18 = -s + o. Calculate the remainder when s is divided by z.
10
Let i(c) = 328*c - 11. What is the remainder when i(6) is divided by 49?
46
Suppose -y - 7 + 27 = 0. Calculate the remainder when y is divided by 952/88 - 4/(-22).
9
Let j(x) = -x**2 - x. Let g be j(-1). Suppose t - 3*s = -g*t + 30, -t + 34 = -2*s. Let l = -20 + t. What is the remainder when l is divided by 12?
10
Suppose 2*s + 3*m - 4 = 5*m, m - 2 = -s. Let r(w) = -s*w - 5 + 0*w - 2*w. What is the remainder when r(-7) is divided by 6?
5
Suppose 0 = 3*h + 3*s + 6, 0*h + 3*h = -4*s - 4. Calculate the remainder when 105 is divided by 27 - (8 + h - 4).
24
Let l(q) = -q - 8. Let s(f) = 4*f + 25. Let c(a) = -7*l(a) - 2*s(a). Calculate the remainder when 35 is divided by c(-6).
11
Calculate the remainder when 211 is divided by (-2 + -2)*((-1020)/17)/12.
11
Let l be 18/1*(-3 + 6 + -4). Let f(a) = 6*a + 6. Let n be f(5). Calculate the remainder when 548/n - (-4)/l is divided by 6.
3
Let l(j) = 2*j**2 - 6*j + 279 - j - 271. Let x be 2 - -3*(4 + -3). What is the remainder when l(x) is divided by 6?
5
Let v(a) = a**3 - 37*a**2 - 31*a - 85. What is the remainder when v(38) is divided by 62?
57
Let w be 8/(8/(-4)) + -1. Let n = w + 8. Let s = 13 + -9. What is the remainder when s is divided by n?
1
Suppose 0 = -5*g, 5*h - 4*h - 63 = -5*g. Calculate the remainder when h is divided by 23.
17
Let o = -227 - -268. Calculate the remainder when 245 is divided by o.
40
Suppose 5*z = -3*g + 23, 4*z - 8*z + 14 = -2*g. Let c = 5 + -4. Let m = 2 + c. What is the remainder when m is divided by g?
0
Suppose 0 = -5*v + 15, 0 = -4*z - 2*v - 12 + 86. What is the remainder when 17 is divided by z?
0
Calculate the remainder when 147 is divided by (4/6)/((-273)/279 + 1).
23
Let y = 100 - 94. Suppose 0 = -4*g + 9 - 1. Suppose 2*f + 0*r = 5*r + 29, 41 = g*f - r. What is the remainder when f is divided by y?
4
Suppose m = -p - 3, -2*m + 2*p = -0*m - 14. Let b be (40/(-15))/(m/(-9)). Suppose -8*f = -b*f + 20. Calculate the remainder when f is divided by 4.
1
Let t be 18 + (-5)/15*-6. Suppose -2*c + t = -c - 4*p, 5*c - 130 = 5*p. Let g(r) = r**2 + 5*r + 3. Calculate the remainder when g(5) is divided by c.
25
Suppose -s - 4 = 3*x, 5*x - 5*s = -0*x. What is the remainder when 1/x*(-259)/14*6 is divided by 28?
27
Let o = 202 + -134. What is the remainder when o is divided by (-1)/(4/(-368)*4)?
22
Suppose -3*r + 66 = -0*r. What is the remainder when 1265/r + (-2)/(-4) is divided by 10?
8
Let k = 15 + -11. Suppose -26*u + 267 = -305. Suppose k*f = u + 82. What is the remainder when 51 is divided by f?
25
What is the remainder when 193 is divided by 1 + 2*143/22?
11
What is the remainder when 194 is divided by 40/10 - 10 - -19?
12
Suppose 3*x = z + 11 - 0, -3*z = 5*x - 9. What is the remainder when 7*(1 - 3)*z is divided by 16?
12
Let b(i) = -i + 15. Let p(q) = q**2 - 10*q + 24. Let o be p(6). Let l(v) = -4*v + 41. Calculate the remainder when l(o) is divided by b(0).
11
Suppose -2*z = 1 - 55. Let n = 29 - z. Calculate the remainder when 2 is divided by n.
0
Suppose 3*j - 2*a - 12 = 0, 0 = -j + 3*j + a - 8. Calculate the remainder when 18 is divided by j.
2
Let i = 78 - -38. Calculate the remainder when i is divided by 15.
11
Suppose 4*q + 240 = 3*d, -8*q = -d - 4*q + 72. What is the remainder when 84 is divided by d?
0
Calculate the remainder when 115 is divided by (636/(-42))/(-6 + 80/14).
9
Let s = 458 + -316. What is the remainder when s is divided by 23?
4
Suppose 1464 = 41*r - 17*r. Calculate the remainder when 178 is divided by r.
56
Let t(u) be the third derivative of -u**5/60 + 7*u**4/24 - u**2. Let y(o) = -37*o**3 + 3*o**2 - 9*o - 10. What is the remainder when y(-1) is divided by t(5)?
9
Let w = 80 - 37. Let p = w - 22. What is the remainder when 33 is divided by p?
12
Let n = 383 - 370. Suppose -4*d + 5*r = -21, -4*r - 24 = -4*d - 4. Suppose 3*g = d*g - n. What is the remainder when 24 is divided by g?
11
Let w(p) = p**2 + p. Let m(h) = 2*h**2 + 21*h + 21. Let z(k) = m(k) - 3*w(k). What is the remainder when z(14) is divided by 16?
13
What is the remainder when 17 is divided by -5 + (4 - 9) - -22?
5
Suppose 4*u + u - 2*z = 117, 5*z - 41 = -2*u. Calculate the remainder when u is divided by 16.
7
Let x(p) = p + 1. Let g be x(-6). Let m(i) = 5*i**2 + 4*i**3 + i**3 - 1 + 2*i - 6*i - 4*i**3. What is the remainder when m(g) is divided by 5?
4
Let h = 207 - 191. What is the remainder when 254 is divided by h?
14
Suppose 5*o + 1177 - 337 = 0. Let x be ((-54)/7)/(36/o). Suppose -5*k = 5*a - 80, 0 = 2*k - 2*a - 0*a - x. Calculate the remainder when k is divided by 10.
7
Suppose -2*q - 116 = -4*g, 5*g + 38 = q + 183. Suppose -34*j + g*j + 60 = 0. What is the remainder when ((-5)/(-2))/((-1)/(-14)) is divided by j?
11
Suppose 4*h + 5*n + 5 = -4, 5*h = -4*n. Calculate the remainder when 43 is divided by h.
3
Let m(u) = 2*u**2 - u + 3. Let t(i) = i**2 + i - 7. Let d be t(7). Let b = -24 + d. Calculate the remainder when m(5) is divided by b.
23
Let j = 210 + -117. Calculate the remainder when 385 is divided by j.
13
Calculate the remainder when 345 is divided by (4/(-6))/(132/(-36432)).
161
Suppose 2*s + 118 = 4*s. Suppose -2 + 65 = 4*j + 3*i, 2*j + 3*i - 39 = 0. Calculate the remainder when s is divided by j.
11
Let p = 28 - 17. What is the remainder when p is divided by (4 + (-154)/49)/(3/14)?
3
Let m(t) = t**3 + 10*t**2 + 12*t - 15. Calculate the remainder when m(-8) is divided by 16.
1
Let t = -89 - -236. Calculate the remainder when t is divided by (-2)/6 - (-76)/3.
22
Let j be -2*(-1 - 9/6) - 2. Suppose 2*w - 16 = -3*o, 2*w - j*w + 4*o = 14. What is the remainder when w is divided by 1?
0
Let l = 104 + -149. Suppose -4*y + 32 = 2*v + 2*v, -3*v + y = -12. Calculate the remainder when 59 is divided by ((-12)/9)/(v/l).
11
Let m = -680 - -965. Calculate the remainder when m is divided by 48.
45
Suppose -2*b + 24 = 2*b. Suppose 5*j - b = 3*j. Suppose -g - j = -6. What is the remainder when 8 is divided by g?
2
Let x be (-375 + 3)*-29 + 4. Let q be 2/15 + x/60. Suppose -4*z + q = -2*z. Calculate the remainder when z is divided by 23.
21
Suppose 4*a - s + 8 = 6*a, -4 = -s. Let l(x) = -4*x**3 - a*x**3 + 6*x**2 - x**2 + x + 2 + 5*x**3. Calculate the remainder when l(3) is divided by 4.
3
Suppose 0 = 4*b + 5 - 1, 4*b - 28 = -2*t. Calculate the remainder when 73 is divided by t.
9
Suppose -z + 2 + 5 = 0. Suppose -2*n - 110 = -z*n. What is the remainder when n is divided by 8?
6
Suppose 0 = 3*u, 0 = -3*x - 3*u + u + 15. Suppose 4*m - 3*h - 24 = 2*h, 4*m + 16 = -x*h. Calculate the remainder when 3 is divided by m.
0
Suppose 17*k + 864 = 21*k. Suppose k = -8*y + 12*y. What is the remainder when y is divided by 19?
16
Let l(b) = -2*b - 18. Let g be l(-11). Suppose 0 = 3*d - g*x - 58, -5*d - x = -73 - 62. What is the remainder when d is divided by 10?
6
Suppose -63*o + 67*o = 68. Calculate the remainder when 57 is divided by o.
6
Let p = 1339 - 2243. What is the remainder when (-7)/21 - p/12 is divided by 13?
10
Let a(c) = -c**3 + 13*c**2 - 8*c - 26. What is the remainder when a(12) is divided by (1*-2)/(-2)*(-390)/(-30)?
9
Let f = -9 + 6. Suppose 6*u - 14 = 64. Calculate the remainder when u is divided by f/2